s divided by 19?
12
Let d be 3/2*12/(-9). Suppose -14*u + 142 + 418 = 0. Calculate the remainder when 1/d + (-235)/(-2) is divided by u.
37
Let b(w) = -2 - 21965*w - 13 + 21936*w + 9*w**2 + w**3. What is the remainder when b(-9) is divided by 62?
60
Let n = -9 + -103. What is the remainder when ((-3399)/(-412))/(1 + 106/n) is divided by 32?
26
Let d = -25 + 32. Suppose -d*t = -4*t - 189. Suppose -n = s + 4 - 19, 2*n = -5*s + t. Calculate the remainder when 43 is divided by s.
10
Let w be (6/(-9))/(6/279). Let r be 0 + (-6)/2 - w. Suppose r = -21*b + 22*b. Calculate the remainder when 108 is divided by b.
24
Let g = 29 + -20. Let s(v) = -22*v + 202. What is the remainder when ((-6)/g)/(2/(-33)) is divided by s(9)?
3
What is the remainder when (318/(-265))/((-4)/660) is divided by 33?
0
Let z = -666 + 787. What is the remainder when z is divided by 103?
18
Let c(p) = -10*p**3 + 40*p**2 - 11*p + 2. What is the remainder when c(3) is divided by 31?
28
Suppose 2*z - 2*b + 0 = 32, -3*z - 4*b = -27. Suppose -49*m = -2715 + 1277 + 1291. What is the remainder when z is divided by m?
1
Let u be ((-9)/3)/(6/(-222)). Let l = 131 - u. Calculate the remainder when 28 is divided by l.
8
Let y = 114 + 27. Suppose 304*u = -301*u + 618*u - 143. What is the remainder when y is divided by u?
9
Calculate the remainder when 14410 is divided by 18/10*((-144)/(-27) + (-24)/(-18)).
10
Let p = -13012 + 13588. What is the remainder when p is divided by 66?
48
Let d(c) = -c**3 - 6*c**2 + 12. Let m be d(-6). Let h be (-27)/(-4)*(-8 + m). Let q = 30 - h. What is the remainder when 7 is divided by q?
1
Let x(v) be the second derivative of 0 + v**3 + 11*v - 1/2*v**2. Calculate the remainder when 31 is divided by x(3).
14
Let p = -7045 - -7496. Calculate the remainder when p is divided by 164.
123
Calculate the remainder when (-5937*(-6)/135 - -2) + (-26)/(-195) is divided by 157.
109
Suppose -c - 3*c + 16 = -4*l, 3*l = c - 12. Let z be (1/(2 - 0) + c)*0. Suppose z*k = -2*k + 18. Calculate the remainder when k is divided by 3.
0
Suppose 0 = p + 5*u + 14, p - 5*u - 16 = -0*u. Suppose 4*t = 5*t - p, 5*n = 2*t + 133. Calculate the remainder when 25 is divided by (n/6)/(6/12).
7
Let w be 16/(-24)*(-9)/2. Suppose -3*c - 21 = -l + 2*c, -w*l = -c - 7. What is the remainder when 153 is divided by (26/(-5))/(l/(-5))?
23
Suppose 0 = 2*j + j - v + 7, -3*j + 2*v - 11 = 0. What is the remainder when 44 is divided by j/((-3)/51 + 0 + 0)?
10
Let u = 1 - -4. Suppose u*y = -5*m + 155, -3*y - 2*m = 2*m - 92. Calculate the remainder when (((-4)/(-10))/(-1))/(-11*(-8)/(-34760)) is divided by y.
30
Suppose -9*g = -157 + 40. Let p = -18 - -30. Let u(a) = -2*a + 27. Calculate the remainder when g is divided by u(p).
1
Let j(w) = -341*w + 3139. Calculate the remainder when j(7) is divided by 199.
155
Let t(k) = 32*k - 1. What is the remainder when 1165 is divided by t(18)?
15
Let q = 9147 + -8637. What is the remainder when 3076 is divided by q?
16
Suppose -6 = -2*o + 8*o. Let k = 484 + -480. Calculate the remainder when 22 is divided by (-13)/(o + -4 + k).
9
Suppose -42*o - 177975 = 47*o - 180289. Suppose -j = 5*x - 1950, 0*x - 1152 = -3*x + 3*j. What is the remainder when x is divided by o?
25
Let d(r) = r**2 - 13. Suppose 0 = -11*f - 0*f - 66. What is the remainder when 38 is divided by d(f)?
15
Suppose -4*g - 114 = -3*h, 11*g = -5*h + 15*g + 182. Calculate the remainder when 1418 is divided by h.
24
Let c(a) = -47*a - 29. Let v be c(-5). Let u = v - 201. Suppose 4*y + 2 = -d - y, d = 4*y + 16. Calculate the remainder when d is divided by u.
3
Let r = 2620 - 2547. What is the remainder when 281 is divided by r?
62
Let g = 768 - 453. Let m = 343 - g. What is the remainder when m is divided by 10?
8
Suppose 5*u = 4*u + 111. Let n = -13 + u. Calculate the remainder when n is divided by 6/4 + -1*(-329)/14.
23
Let v(m) = 2*m**2 - 29*m + 221. Let j(x) = x**2 - 14*x + 111. Let o(c) = 13*j(c) - 6*v(c). What is the remainder when o(13) is divided by 61?
60
Suppose 0 = -2*o - 40 - 46. Calculate the remainder when (8/3)/(o/(-1032)) is divided by 22.
20
Let u(m) = 5*m**2 - 101*m - 105. Calculate the remainder when 865 is divided by u(23).
214
Let i be -2 - (-14)/21*18. Suppose -i*c + 153 = -337. What is the remainder when 289 is divided by c?
44
Suppose 0 = -14*a - 1103 - 2537. What is the remainder when 180 is divided by 96/10*(-9)/(351/a)?
52
Let g(z) = 2*z**3 + 8*z**2 - z + 1. Let x be g(-4). Suppose -2*c + 26 = 36, -5*c - 740 = -x*q. Calculate the remainder when q is divided by 16.
15
What is the remainder when ((-328160)/(-196) - 4/14) + (10 - 3) is divided by 431?
388
Let b = -2941 + 3557. What is the remainder when b is divided by 20?
16
Suppose -2*i + 0*i + 48 = -4*v, -2*v - 128 = -5*i. Suppose -221*l + 297*l - 456 = 0. What is the remainder when i is divided by l?
2
Suppose l - 4442 = 5*o + 2259, -o = 3*l - 20135. What is the remainder when l is divided by 137?
135
Let l = -46 + 73. Suppose l*m - 33*m + 144 = 0. What is the remainder when 35 is divided by m?
11
Calculate the remainder when 18093*(-7 - (8 - (-184)/(-12))) is divided by 52.
51
What is the remainder when (-29)/((-2639)/52)*448 is divided by 1?
0
Let u(j) = -4*j + 37. Let h be u(-5). Let k = -40 + h. What is the remainder when 78 is divided by k?
10
Suppose 0 = 12*h - 35 - 37. What is the remainder when ((-1)/(-4 + 3))/(7/126) is divided by h?
0
Let z = -11448 - -11476. What is the remainder when 7111 is divided by z?
27
Let k(s) = -s**3 + 7*s**2 - 4*s - 12. Suppose -4 = -4*z, 2*o + 7*z - 3*z = 72. Calculate the remainder when o is divided by k(5).
16
Let b(c) = 8*c - 6. Let v(p) = p. Let a(t) = -b(t) + 6*v(t). Let u be a(19). Let q = u - -49. Calculate the remainder when q is divided by 6.
5
Suppose 227*k - 15247 = -6*k + 40*k. What is the remainder when 1059 is divided by k?
32
Let d be 4 + -1 + 4 + -3. What is the remainder when d/(-6 + 656/108) is divided by 29?
25
Let u = 1306 - 721. What is the remainder when 334 is divided by 20 - (u/(-135) + 2/6)?
22
Let j = -916 + 4452. What is the remainder when j is divided by 9?
8
Let l(g) = -8*g - 1. Suppose 4 = 3*y + 7. Let x be l(y). Let m = 52 + x. Calculate the remainder when m is divided by 12.
11
Calculate the remainder when 2549 is divided by 14/(350/25)*1267.
15
Suppose 5*t + 1258 = 10*a - 8*a, 5*t = 0. Let n = a - 563. Calculate the remainder when n is divided by 42.
24
Let m(h) be the second derivative of -37*h**3/6 + h**2 - 7*h. Let s be m(-1). Suppose s*z - 38*z = 48. Calculate the remainder when z is divided by 17.
14
Suppose 5*i + 2048 = d, 2*d - 3*i - 1599 - 2546 = 0. What is the remainder when d is divided by 209?
202
Suppose -6*v + 81 = -9. Suppose 13*d - v*d + 30 = 0. Suppose -2*c + d = 4*i - 31, -4*c + 59 = -3*i. Calculate the remainder when 49 is divided by c.
15
Let a = 413 - 393. What is the remainder when 236 is divided by a?
16
Suppose 4 = -4*v - 416. Let s = v + 117. What is the remainder when 23 is divided by s?
11
Let r be -3 - (-7 - 9/((-9)/(-4))). What is the remainder when ((-2)/12*14)/(r/(-384)) is divided by 34?
10
Suppose 2*r - 135 + 23 = 0. Suppose -853 = -9*j + r. Suppose -20 - 14 = -k. What is the remainder when j is divided by k?
33
Suppose -895 = -888*h + 883*h. What is the remainder when h is divided by (-5 - 511/28)*-4?
86
Suppose 0 = -i - 2*k - 5, 4*k + 2 = -4*i - 10. What is the remainder when 27/((-63)/9 + 8) is divided by i/(-2)*2 - -4?
2
Suppose -22 = o - 3. Let g = 3 - o. Calculate the remainder when (-106)/1*(-12)/24 is divided by g.
9
Let n(d) = -d**2 - 25*d + 686. What is the remainder when 191 is divided by n(-40)?
19
Let y(d) = d + 19. Calculate the remainder when y(-5) is divided by (-24)/(-28)*(-15 + 4 - -18).
2
Let z(x) = 2*x + 1. Let k = -5 - -10. What is the remainder when (20/2)/((-6)/4 - -2) is divided by z(k)?
9
Let s = -9 - -12. Suppose 4 = -2*g + s*g. Let x = 8 - -5. Calculate the remainder when x is divided by g.
1
Let o be (334/(-4))/(-6 - (-52)/8). Let l = 340 + o. What is the remainder when l is divided by 25?
23
Let d = 78 + -110. Let y = d + 39. What is the remainder when 62 is divided by y?
6
Let j = -5306 - -5394. Calculate the remainder when j is divided by 30.
28
Let p be 1/(-3) - (-434)/186. Suppose -295 + 89 = -p*